 remainder when 512 is divided by 176?
160
What is the remainder when 242 is divided by 137?
105
What is the remainder when 21533 is divided by 59?
57
Calculate the remainder when 2693 is divided by 135.
128
What is the remainder when 861 is divided by 173?
169
What is the remainder when 176 is divided by 36?
32
Calculate the remainder when 627 is divided by 155.
7
Calculate the remainder when 146 is divided by 27.
11
Calculate the remainder when 766 is divided by 64.
62
What is the remainder when 86 is divided by 82?
4
Calculate the remainder when 2641 is divided by 4.
1
What is the remainder when 7501 is divided by 62?
61
Calculate the remainder when 1761 is divided by 98.
95
Calculate the remainder when 311 is divided by 52.
51
Calculate the remainder when 382 is divided by 56.
46
Calculate the remainder when 383 is divided by 32.
31
What is the remainder when 29 is divided by 18?
11
Calculate the remainder when 34 is divided by 12.
10
What is the remainder when 52 is divided by 28?
24
What is the remainder when 641 is divided by 47?
30
What is the remainder when 763 is divided by 26?
9
Calculate the remainder when 1165 is divided by 26.
21
What is the remainder when 28 is divided by 12?
4
What is the remainder when 535 is divided by 58?
13
What is the remainder when 83 is divided by 45?
38
What is the remainder when 309 is divided by 82?
63
What is the remainder when 408 is divided by 5?
3
What is the remainder when 451 is divided by 93?
79
Calculate the remainder when 475 is divided by 68.
67
Calculate the remainder when 52 is divided by 30.
22
Calculate the remainder when 73 is divided by 16.
9
What is the remainder when 141 is divided by 50?
41
Calculate the remainder when 1553 is divided by 37.
36
What is the remainder when 6914 is divided by 364?
362
What is the remainder when 674 is divided by 215?
29
What is the remainder when 5955 is divided by 42?
33
What is the remainder when 142 is divided by 113?
29
What is the remainder when 2156 is divided by 180?
176
What is the remainder when 948 is divided by 50?
48
What is the remainder when 176 is divided by 26?
20
What is the remainder when 307 is divided by 77?
76
Calculate the remainder when 4887 is divided by 2442.
3
Calculate the remainder when 484 is divided by 38.
28
Calculate the remainder when 1061 is divided by 272.
245
What is the remainder when 957 is divided by 160?
157
What is the remainder when 882 is divided by 866?
16
Calculate the remainder when 485 is divided by 49.
44
What is the remainder when 152 is divided by 42?
26
Calculate the remainder when 792 is divided by 98.
8
Calculate the remainder when 3570 is divided by 7.
0
What is the remainder when 1886 is divided by 111?
110
What is the remainder when 23 is divided by 9?
5
Calculate the remainder when 742 is divided by 44.
38
What is the remainder when 1185 is divided by 12?
9
Calculate the remainder when 903 is divided by 293.
24
What is the remainder when 1877 is divided by 10?
7
What is the remainder when 189 is divided by 11?
2
What is the remainder when 85 is divided by 76?
9
Calculate the remainder when 32989 is divided by 10993.
10
What is the remainder when 50 is divided by 14?
8
What is the remainder when 687 is divided by 115?
112
Calculate the remainder when 175 is divided by 51.
22
Calculate the remainder when 1510 is divided by 14.
12
What is the remainder when 78 is divided by 17?
10
What is the remainder when 692 is divided by 17?
12
What is the remainder when 1173 is divided by 349?
126
What is the remainder when 857 is divided by 167?
22
What is the remainder when 1220 is divided by 154?
142
Calculate the remainder when 670 is divided by 16.
14
Calculate the remainder when 1443 is divided by 17.
15
Calculate the remainder when 191 is divided by 93.
5
Calculate the remainder when 3336 is divided by 9.
6
What is the remainder when 143 is divided by 38?
29
What is the remainder when 5716 is divided by 88?
84
What is the remainder when 2163 is divided by 57?
54
What is the remainder when 11283 is divided by 27?
24
What is the remainder when 959 is divided by 109?
87
Calculate the remainder when 456 is divided by 27.
24
Calculate the remainder when 1033 is divided by 78.
19
Calculate the remainder when 400 is divided by 102.
94
Calculate the remainder when 191 is divided by 33.
26
Calculate the remainder when 143 is divided by 26.
13
Calculate the remainder when 247 is divided by 44.
27
What is the remainder when 899 is divided by 100?
99
Calculate the remainder when 740 is divided by 126.
110
Calculate the remainder when 235 is divided by 196.
39
What is the remainder when 342 is divided by 114?
0
What is the remainder when 3659 is divided by 47?
40
What is the remainder when 7249 is divided by 5?
4
Calculate the remainder when 179 is divided by 6.
5
Calculate the remainder when 987 is divided by 43.
41
Calculate the remainder when 317 is divided by 107.
103
What is the remainder when 178 is divided by 32?
18
Calculate the remainder when 58 is divided by 15.
13
What is the remainder when 245 is divided by 25?
20
Calculate the remainder when 244 is divided by 29.
12
What is the remainder when 278 is divided by 73?
59
What is the remainder when 947 is divided by 79?
78
What is the remainder when 525 is divided by 257?
11
Calculate the remainder when 2489 is divided by 291.
161
What is the remainder when 516 is divided by 47?
46
What is the remainder when 424 is divided by 413?
11
Calculate the remainder when 27 is divided by 13.
1
What is the remainder when 271 is divided by 163?
108
What is the remainder when 203 is divided by 66?
5
What is the remainder when 9886 is divided by 48?
46
What is the remainder when 7273 is divided by 40?
33
Calculate the remainder when 182 is divided by 161.
21
What is the remainder when 4916 is divided by 546?
2
What is the remainder when 29460 is divided by 21?
18
Calculate the remainder when 65 is divided by 13.
0
Calculate the remainder when 23 is divided by 16.
7
What is the remainder when 338 is divided by 50?
38
Calculate the remainder when 10821 is divided by 132.
129
Calculate the remainder when 60 is divided by 20.
0
What is the remainder when 165 is divided by 82?
1
Calculate the remainder when 1438 is divided by 238.
10
Calculate the remainder when 8133 is divided by 8.
5
Calculate the remainder when 302 is divided by 276.
26
What is the remainder when 34070 is divided by 235?
230
What is the remainder when 2781 is divided by 68?
61
What is the remainder when 431 is divided by 31?
28
Calculate the remainder when 24 is divided by 1.
0
Calculate the remainder when 342 is divided by 61.
37
Calculate the remainder when 42016 is divided by 149.
147
What is the remainder when 185 is divided by 25?
10
Calculate the remainder when 120 is divided by 70.
50
What is the remainder when 6260 is divided by 3124?
12
Calculate the remainder when 1899 is divided by 318.
309
Calculate the remainder when 51 is divided by 21.
9
What is the remainder when 152 is divided by 7?
5
Calculate the remainder when 723 is divided by 32.
19
What is the remainder when 45 is divided by 18?
9
What is the remainder when 3318 is divided by 27?
24
What is the remainder when 7278 is divided by 130?
128
Calculate the remainder when 338 is divided by 325.
13
What is the remainder when 4379 is divided by 146?
145
Calculate the remainder when 38 is divided by 25.
13
What is the remainder when 191 is divided by 185?
6
Calculate the remainder when 146 is divided by 14.
6
Calculate the remainder when 836 is divided by 140.
136
Calculate the remainder when 416 is divided by 58.
10
Calculate the remainder when 188 is divided by 65.
58
Calculate the remainder when 1009 is divided by 79.
61
Calculate the remainder when 482 is divided by 18.
14
What is the remainder when 8554 is divided by 31?
29
Calculate the remainder when 6375 is divided by 55.
50
Calculate the remainder when 235 is divided by 61.
52
Calculate the remainder when 2957 is divided by 27.
14
What is the remainder when 559 is divided by 55?
9
What is the remainder when 372 is divided by 15?
12
Calculate the remainder when 139 is divided by 5.
4
What is the remainder when 134 is divided by 42?
8
What is the remainder when 480 is divided by 44?